*f + 18180 = 3*f. List the prime factors of f.
2, 5, 101
Let r = 181 + 405. What are the prime factors of r?
2, 293
Suppose -167*o = -171*o + 832. List the prime factors of o.
2, 13
Suppose -4*b = 2*f + f - 116, -4*f - 114 = -5*b. Suppose 5*r + j = 8, r - 4*r + 3*j = -12. Let z = b - r. List the prime factors of z.
2, 3
Let c = 4546 - 1648. What are the prime factors of c?
2, 3, 7, 23
Suppose 6*d = 4*d + 108. Let b = 7 + d. List the prime factors of b.
61
Suppose -2*b + 4*j + 1218 = 0, -4*b + 985 = -j - 1451. List the prime factors of b.
3, 7, 29
Suppose -5*o - 3*t = -24424, 16320 = 4*o + t - 3215. List the prime factors of o.
19, 257
Suppose -l + 3*z = -1 - 5, -2*l - 4*z = -22. Let p be (-2)/l + (-450)/162. List the prime factors of ((-10)/p)/((-12)/(-252)).
2, 5, 7
Let c be (-24)/(-32) - 2009/(-4). Suppose -z = 3*i - 559, c = 4*i - z - 254. Suppose -128 = -3*n - 2*l, -3*l + i = 5*n - 6*l. What are the prime factors of n?
2, 5
Let l(t) = 45*t**2 - 24*t**2 - 3 - 20*t**2 + 2*t + 20*t**3. What are the prime factors of l(1)?
2, 5
Suppose g + 3*j - 1813 = -20, 4*g - 7138 = 5*j. What are the prime factors of g?
1787
Let t(f) be the first derivative of -7*f**2/2 - 6*f + 17. List the prime factors of t(-5).
29
Suppose 6986 = 3*p - 5*v, -2*v + 7613 = 5*p - 3989. List the prime factors of p.
2, 3, 43
Let r(y) = -y**3 - 9*y**2 - 15*y - 5. Let l be r(-12). Suppose 5*j - n + l = 0, 0 = 5*j + 3*n - 278 + 897. Let o = -84 - j. List the prime factors of o.
2, 19
Let t(k) be the second derivative of -7*k**5/5 - k**4/12 - k**3/6 + k. Let y be t(-1). What are the prime factors of y/6*75/10?
5, 7
Let f(g) = 0*g**2 - 24 - 2*g**3 + 3*g**3 - 5*g**2 - 3*g**2 - 13*g. List the prime factors of f(11).
2, 7
Let m = 1199 - 525. Suppose s + d - 138 = 0, -3*d = -3*s - 2*s + m. List the prime factors of s.
2, 17
Suppose 3*l - 3 + 18 = 0. Let w = l - -5. Suppose w = 6*d - 4*d - 42. What are the prime factors of d?
3, 7
Suppose 14*q - 4*q - 630 = 0. What are the prime factors of q?
3, 7
Suppose -16 = 4*l - 140. Let h be (-3)/1 + (l - -3). Let o = h - 21. What are the prime factors of o?
2, 5
Let q(n) be the second derivative of -n**3/6 - 11*n**2/2 + 3*n. Let f be q(-13). Suppose f*l = -l + 18. What are the prime factors of l?
2, 3
Suppose 203 = -7*v + 42. List the prime factors of (-5 - -4)/(-3 - 68/v).
23
Let x be 42/(-12) - 2/4. Let k be (-36)/27*(-6)/x. Let t(l) = -4*l + 1. List the prime factors of t(k).
3
Let q(f) = 7*f - 2*f - 8*f - 9. Let n = -1 - 10. List the prime factors of q(n).
2, 3
Suppose 50 = 7*a - 13. Let f be 23/5 - 2/(-5). Let t = f + a. List the prime factors of t.
2, 7
Let j be 5 + 0*(-1)/(-5). Suppose j*y - 498 = 627. List the prime factors of y.
3, 5
Suppose 4*f = 13*f - 9549. What are the prime factors of f?
1061
Suppose 5142 = 3*r + 3*l, -8*r - 5150 = -11*r + l. What are the prime factors of r?
2, 3, 11, 13
Suppose 11*i = 7*i + 8. Suppose 11 = 2*g + o, 4*o - 4 = -2*g - i. What are the prime factors of g?
7
Suppose 4*t + 0*t = 60. Suppose -5*f + 15 = 5*v, -5*v + 11 = -0*f + f. List the prime factors of (f + 0)*t/3.
5
Let h = 29 - 20. Let r(w) = 12*w + 28. What are the prime factors of r(h)?
2, 17
Let t = 160 - 34. What are the prime factors of t?
2, 3, 7
Let q(v) = -3*v - 43. Let u be q(27). Let k = u + 285. List the prime factors of k.
7, 23
Suppose 10807 = 21*i - 8912. List the prime factors of i.
3, 313
Suppose -3*j = -4 + 1. Suppose -2*f - j = -27. Suppose 0 = 3*z - 3*l - 6, 3*l - f - 2 = 0. List the prime factors of z.
7
Let o(r) be the second derivative of 2*r**4/3 + 2*r**3 + 3*r**2 - 17*r. List the prime factors of o(-5).
2, 73
Suppose 0*t + 468 = -2*r - t, -3*t = 4*r + 936. Let v = 391 + r. What are the prime factors of v?
157
Let j(q) = q - 2. Let y be j(8). Suppose -y - 45 = -3*s. Suppose -s = -2*r + 17. List the prime factors of r.
17
What are the prime factors of ((-427)/21)/((80/(-1992))/10)?
61, 83
Let y = 526 + 159. List the prime factors of y.
5, 137
Suppose 4*h = -3*r + 18155, 0 = -11*h + 13*h - 3*r - 9091. List the prime factors of h.
19, 239
Let k = 25 + -22. Let t = k + 1. What are the prime factors of (t + -3)*(0 + 11)?
11
Let a(k) = -84*k + 55. Let t be a(-2). Suppose y = -2 - 0. What are the prime factors of y/(-9) + t/9?
5
Let t = 8 - 4. Suppose f + t*f = 125. What are the prime factors of f?
5
Let r(j) = 3*j + j + 0*j + 17 + 2*j. Let k(x) = -6*x - 16. Let q(c) = 5*k(c) + 4*r(c). What are the prime factors of q(-11)?
2, 3
Let d = 1312 + 403. What are the prime factors of d?
5, 7
Let h be 1 - 3*(20/(-12) - -1). Suppose 4*n - 16 - 128 = 0. Suppose -3*a = h - n. List the prime factors of a.
11
Let p(b) = -b**2 + 5*b. Let q(d) = d**2 - 3*d. Let g(w) = 4*p(w) + 10*q(w). List the prime factors of g(-6).
2, 3, 23
Let y(t) = -209*t + 4254. What are the prime factors of y(0)?
2, 3, 709
Suppose 16*d - 13*d - 27 = 0. Suppose 68 = d*b - 616. List the prime factors of b.
2, 19
Suppose -63*t + 48*t = -70425. What are the prime factors of t?
3, 5, 313
Let f = 46 - -1301. List the prime factors of f.
3, 449
Let t be (-2)/4 + 42/12. Suppose g - 6*g + 40 = 0. Suppose -5*y = -g*y + 2*p + 77, -3*p - 81 = -t*y. What are the prime factors of y?
23
Suppose -1847 = -5*j + 8118. List the prime factors of j.
1993
Let o(d) = -d**2 - 5*d + 4. Let r be o(0). Suppose -568 = -4*g - r*g. What are the prime factors of g?
71
Suppose -142*r - 54015 = -157*r. List the prime factors of r.
13, 277
List the prime factors of (3/(-2))/((-16)/16608).
3, 173
Let z(m) = 30*m**2 + 11*m - 25. What are the prime factors of z(3)?
2, 139
Suppose -2*b + 5010 = -3*c, 2*c = 3*b - 8209 + 684. List the prime factors of b.
3, 31
Suppose -k - 5*s + 1266 = 3*k, 5*s = 5*k - 1605. What are the prime factors of k?
11, 29
Let n be ((-16)/(-40))/(2/40). Let p(a) = -8*a + 16. Let c be p(n). List the prime factors of 1/(-1)*1 - c.
47
Let j be 1*52/(-8)*2. Let c(d) = d**2 + 12*d - 5. What are the prime factors of c(j)?
2
Let p(c) = -c**3 - 5*c**2 - 4*c + 3. Let u be (18/15)/(6/15)*-2. What are the prime factors of p(u)?
3, 7
Let d be (-22 + 16)/((-4)/14). What are the prime factors of 30/d + (-6)/14 + 181?
2, 7, 13
Suppose 0*g - 65 = -2*u - g, 5*g = u - 60. Suppose 0 = -c - 5*m + u, 173 = 3*c - m - m. List the prime factors of c.
5, 11
Let q = 5231 - 1162. What are the prime factors of q?
13, 313
Let y(q) = -2*q - 3. Let p be y(-4). Suppose 3*h = -m + 19, 0*h - p*h + 33 = 2*m. Let f = h - 1. What are the prime factors of f?
2
Let x = 158 - -70. Suppose -6*i + 984 = -x. What are the prime factors of i?
2, 101
Let n(a) = -9*a - 14. Let l be n(-13). Let m = l - 65. List the prime factors of m.
2, 19
Suppose w + 1016 = 3*z, 0 = -5*z + 10*z + 4*w - 1699. What are the prime factors of z?
3, 113
Let y = -55 + 104. Suppose -4*s - y = -257. What are the prime factors of s?
2, 13
Suppose -3*i - 50 - 25 = 0. Let t = i + 29. Suppose 9 = -t*c + 33. What are the prime factors of c?
2, 3
Suppose -130 = -5*a + 10. Let p(q) = q**2 - 28*q + 88. List the prime factors of p(a).
2, 11
Let r(a) = a**3 + 7*a**2 - 5*a + 1. Let s be r(-6). Let h = s + 136. What are the prime factors of h?
7, 29
Let t(p) = -2*p**2 - p + 3. Let s(y) = y. Let w(q) = q - 3. Let z(g) = -2*s(g) + w(g). Let l be z(-3). What are the prime factors of t(l)?
3
Let u(r) be the third derivative of -r**6/120 + 3*r**5/20 - r**4/6 + 7*r**3/6 + 14*r**2. List the prime factors of u(7).
7, 11
Let z = -209 + 429. List the prime factors of z.
2, 5, 11
Suppose -n - 12 - 15 = 0. Let h be 6/n - 130/(-18). Suppose h = p - 4. What are the prime factors of p?
11
Let f(n) = -2*n**3 - n**2 - 4*n**3 + 7*n**3 + 2*n + 2*n**2. Let t be f(-2). List the prime factors of (-6 - t)*19/2.
19
Let i(s) = 65*s**3 + 11*s**2 + 11*s - 6. Let z(a) = -13*a**3 - 2*a**2 - 2*a + 1. Let d(t) = -2*i(t) - 11*z(t). List the prime factors of d(2).
3, 5, 7
Suppose 0 = 2*n + 6*n - 3016. Suppose 0 = 3*h - 76 - n. List the prime factors of h.
151
Suppose -4*c - 5864 = -12*c. Let h = -499 + c. What are the prime factors of h?
2, 3, 13
Suppose 2*y + 2*s - 20 = 0, -3*s = 3*y - 8*s + 2. Suppose -4*f + 230 = y*f. What are the prime factors of f?
23
Let k = 13 + -1. Let q(p) = -p**3 + 9*p**2 + 11*p - 15. Let v be q(10). What are the prime factors of (k + -3)/(6 + v)?
3
Let s be ((-1 - -1) + -6